= 4*l - 66, -2*b + 27 = l. Let c(x) = x**3 - 17*x**2 + 8*x - 16. Calculate c(l).
120
Let m = 4212 - 4220. Let k(j) = -3*j - 7. Give k(m).
17
Let u(x) be the first derivative of -3/2*x**2 - 197 - 1/3*x**3 + 5*x. Suppose 3*o - r = -18, 0 = 3*r + r - 12. Calculate u(o).
-5
Let q(t) be the second derivative of -39 - 1/12*t**4 - 1/2*t**3 + 2*t + 4*t**2. Determine q(-4).
4
Suppose -19*m = -1038 + 1209. Let k(i) = i**3 + 8*i**2 - 6*i + 15. Determine k(m).
-12
Suppose -5 = 5*d, 0 = 2*v - 5*v - d + 8. Suppose 2*g + v*g + 33 = -3*y, g = -5*y - 33. Let w(o) = -o**3 - 4*o**2 + 9*o + 4. Give w(y).
22
Let s(l) = -13 + 19 + l + 7*l - 925051*l**2 + 925052*l**2. Suppose -5*r + 2*r - 18 = 0. What is s(r)?
-6
Let q(y) be the third derivative of y**5/60 - 7*y**4/12 + 4*y**3/3 + 2*y**2 - 67*y. Give q(13).
-5
Let o(x) = -x**2 - 2*x. Let f(n) = -22*n + 166. Let q(h) = 15*h - 111. Let m(z) = 5*f(z) + 7*q(z). Let i be m(17). Let y = 27 + i. Calculate o(y).
-15
Let y(m) = -58*m - 59*m - 69 + 171*m - 65*m. Calculate y(-7).
8
Let q(j) be the second derivative of -1/3*j**4 - 3/2*j**2 - 5/6*j**3 - 2*j - 1/20*j**5 + 0. Suppose -3*m - 3 = -4*c, 25 = 415*c - 420*c - 2*m. Calculate q(c).
3
Let k be (-2)/(6/8 + -1). Suppose 35 = k*w - 45. Suppose 30 - w = -4*d. Let z(g) = g**2 + 3*g - 5. Determine z(d).
5
Let r(f) = 8*f**2 + 7*f + 2*f + 40*f**3 + 9 - 39*f**3. Let y(k) = 3*k - 2*k + 7 + 2*k - k. Let u be y(-7). Calculate r(u).
-5
Let w(p) = 13 + 21 - 4*p - 7. Let t(i) = 2*i - 14. Let h(r) = -11*t(r) - 6*w(r). Let m be (1 + 0)*6*-11*(-4)/44. What is h(m)?
4
Suppose -7*x = -6*x - 68. Let b(m) = -x + 36 + m + 32. Suppose -7 = -k + r, -4*k + 2*r = 4*r - 16. What is b(k)?
5
Let r(m) = -4*m + 7*m + 3*m**3 - 5*m + 2*m**2. Suppose -2*l - 6 = -149*y + 151*y, 2*y = -4*l - 8. Give r(y).
-12
Let k(w) = -49*w**3 - 29*w**2 + 2*w - 14. Let s(f) = 53*f**3 + 32*f**2 - 2*f + 15. Let q(a) = -13*k(a) - 12*s(a). Calculate q(7).
-12
Let j(c) = 2*c**3 - 2*c**2 - 3*c + 3. Let l(h) = 35*h + 177. Let b be l(-5). Calculate j(b).
5
Let d(g) be the third derivative of -11*g**4/6 + 133*g**3/3 - 2*g**2 + 30. Let w be d(6). Let o(u) = 4*u**2 - u + 2. Determine o(w).
16
Let h(u) = -u**3 - 8*u**2 + 3*u + 12. Let i(w) be the third derivative of w**6/120 + w**5/15 - 11*w**4/24 - w**3/3 - 7*w**2 - 3. Let k be i(-6). What is h(k)?
-12
Let x(u) = -10*u**2 + 3*u + 7. Suppose -3*v - 9 = -2*t, 2*t + 19 = -3*v + 10. Determine x(v).
-92
Let a(b) = 2*b**2 + 2*b. Let k(j) = -j**3 + 7*j**2 + 3*j + 5. Suppose z = -0*z + 8. Let w be k(z). Let c = -37 - w. Determine a(c).
4
Let l be (102/119)/(-3 - 261/(-84)). Let f(s) be the third derivative of 1/24*s**4 + 0 + 0*s - 5/6*s**3 + 5*s**2. Calculate f(l).
3
Suppose -3*q - 21 = -5*c, 0*c = -4*c + 3*q + 15. Let o(r) = 13*r**2 - 8*r + 2*r**2 - 16*r**2 + 0*r + 4*r + 7*r + 4. What is o(c)?
-14
Suppose 2*c - 5*o = 28, o = 3*c - 18 + 2. Let p(z) = -2 - 4*z + 2 + 12. Calculate p(c).
-4
Let t(n) = -6*n**3 + 3*n**2 - 23*n + 2. Let q(a) = -5*a**3 + 3*a**2 - 18*a + 2. Let y(d) = -4*q(d) + 3*t(d). What is y(2)?
8
Let c = -115 - -194. Let j = c + -56. Let y(i) = -2 + 5 + 24*i**2 + 0 - j*i**2. What is y(-3)?
12
Let i(d) = 3*d - 20. Suppose -43*u + 48*u + 4*w = 40, 5*u + 5*w = 45. Suppose -u*p + 24 = -4*l, 0*l + 3*l = 4*p - 27. Determine i(p).
7
Let s = -63 - -85. Suppose 9*i = s*i + 39. Let f(a) = -3*a**3 - 2*a**2 - 3*a + 4. Let g(r) = r**3 - r**2. Let z(p) = f(p) + 2*g(p). Give z(i).
4
Let h(z) = 36*z**3 - 34*z**2 - 40*z + 80. Let p(o) = 12*o**3 - 11*o**2 - 13*o + 25. Let x(v) = 6*h(v) - 19*p(v). Determine x(-2).
107
Let z(q) be the second derivative of q**5/60 - 5*q**4/12 - 43*q**3/6 - 2*q + 12. Let a(w) be the second derivative of z(w). What is a(7)?
4
Let r = -143 + 143. Suppose r = 26*s + 25 + 27. Let n(y) = 10*y - 1. Determine n(s).
-21
Let o(i) be the first derivative of -i**3/3 - 4*i**2 - 4*i - 121. Suppose -3*a - 7 = -2*a. What is o(a)?
3
Let b(k) be the first derivative of k - 3 - 1/3*k**3 - 5/2*k**2. Let u be (27/(1512/(-140)))/(1/2*1). Calculate b(u).
1
Let q(y) = -10*y + 1. Suppose -b - b = 2*w - 38, -w + b + 9 = 0. Suppose j + w = -2*r, -3*j + 7*j = r - 74. Let a = 17 + j. What is q(a)?
11
Let k(d) = 6*d - 11. Let f(w) = 7*w + 6. Let z(m) = -f(m) - 3*k(m). Determine z(4).
-73
Let t(y) be the first derivative of 2*y**3/3 - y**2 + 2*y + 303. Give t(2).
6
Suppose 49 = -29*z - 96. Let f(h) be the second derivative of h**5/20 + h**4/2 + 5*h**3/6 + 2*h**2 - h + 8. What is f(z)?
4
Let w(s) = s**3 - 23*s**2 + 46*s - 19. Let b(r) = 885*r - 4404. Let p be b(5). What is w(p)?
65
Let b(d) be the third derivative of d**5/15 + 25*d**4/8 + 19*d**3/2 + 3*d**2 + 644. Give b(-18).
3
Let y(g) = -25*g**3 + 13*g**2 - 19*g - 22. Let a(j) = 41*j**3 - 22*j**2 + 31*j + 37. Let d(m) = 14*a(m) + 23*y(m). Give d(-6).
-78
Let y be 0/(-14 - -10 - -3). Let r(z) = -z**3 - 2*z + 2. Determine r(y).
2
Let h(d) = -96*d + 676. Let c(k) = 64*k - 411. Let u(b) = 8*c(b) + 5*h(b). Determine u(-3).
-4
Let h(z) = -13*z + 18. Let b be 2 - ((1 - -4) + 1). Let v(y) = 3*y. Let c(f) = b*v(f) - h(f). Give c(7).
-11
Let v(r) = 46*r - 1. Suppose 318*t + 20 = 213 + 125. What is v(t)?
45
Let d(q) = -31*q + 12. Let p(t) = 9*t - 5. Let o(i) = -4*d(i) - 10*p(i). Calculate o(1).
36
Let a = -15071 + 15069. Let y(q) = -2*q**2 + 4*q + 17. What is y(a)?
1
Let f(q) be the second derivative of -q**5/20 + 17*q**4/12 + 8*q**3/3 + 15*q**2/2 - 8*q + 9. Determine f(18).
-21
Let p = 42 - 42. Suppose -n + 5*g - 17 = p, -4*n - 5 = 2*g - g. Let h be n/(12/10)*3. Let b(q) = q**2 + 5*q. Give b(h).
0
Let l(x) be the third derivative of x**5/20 - x**4/24 + 17*x**3/6 - 2869*x**2. Determine l(-5).
97
Let q(n) = -n**3 - 6*n**2 - 4*n + 7. Let r be q(-5). Suppose -4*g - 2*h + 12 = 0, 6*g = g - r*h + 14. Let w(l) = 6*l - l**g - 12 + 1 + 3*l + 8. Give w(9).
-3
Let c(l) = -3*l + 47. Let g be c(16). Let h(i) = -6*i + 3. Calculate h(g).
9
Let c = 142 + -52. Suppose 93*u - 15 = c*u. Suppose 2*v = 5*z + 37, 2*v - 2*z = -u*z - 3. Let w(j) = -2*j**2 + 8*j + 4. Determine w(v).
-20
Let p(l) = 2*l + 9 + 4*l**2 + 8 - 4 - 11 + 3*l**2. Suppose -14*u - 4 = -12*u. What is p(u)?
26
Let m(k) = -k**3 - 17*k**2 + 38*k - 5. Suppose -2*j = -5*u + 38, -3*j - 107*u = -111*u + 57. What is m(j)?
-5
Suppose 3 = r - p, -2*p + 1 = 3*r + 2. Suppose t = -1 - r. Let a(n) = -65*n + 117*n - 1 - 18*n - 27*n. Calculate a(t).
-15
Let u(g) = -g**3 + 3*g**2 + 4*g - 5. Let p be ((-3)/(-2))/(60/1480). Suppose -28*j + p*j = 36. What is u(j)?
-5
Let w(n) = -23 + 2*n + 8*n**3 - 15*n**3 + 8*n**3 + 8*n**2 - 21*n**2. Let d be w(13). Let y(o) be the first derivative of o**3/3 + o**2/2 - 2*o - 7. Give y(d).
10
Let r(x) be the second derivative of x**4/12 + 13*x**3/6 + 2*x**2 - x. Suppose 0 = 3*t + 4*o + 19, 3*t + 39*o = 41*o - 49. Calculate r(t).
4
Let o(q) = 9*q - 24 - 34 + 51 - q**2. Determine o(9).
-7
Let q(z) = z**3 + 4*z**2 - 4*z - 24 - 3*z + 25 + 3*z. Suppose 2*a = -3*l - 23, -3*l = -3*a - 2*a - 5. Calculate q(a).
17
Let c be -1*(-1 + 0)*(-15)/(-5). Let t(z) = c*z**2 - 2*z**2 + 73*z - 71*z. Let q(k) = k + 1. Let j be q(-5). Give t(j).
8
Let i = -2 + -2. Let x be 3/i + (-56)/(-32). Let v(p) = -21*p - 288. Let r(z) = 31*z + 403. Let q(m) = 5*r(m) + 7*v(m). Give q(x).
7
Let q(l) be the first derivative of -l**3/3 + 4*l**2 - 11*l + 814. Calculate q(3).
4
Let i be 5/(-2)*(174 + 6)/(-9). Let j(n) = i*n + 9*n**2 + 3 + 56*n - 109*n. Calculate j(2).
33
Let c = -20 - -158. Let b(u) = 139*u**2 + 0*u - c*u**2 + u + u. Let j(t) = -t**3 + 2*t**2 + t + 2. Let y be j(3). Determine b(y).
8
Let k(y) be the third derivative of y**5/20 + y**4 + y**3/2 - 495*y**2 + 1. Determine k(-7).
-18
Let s(l) be the third derivative of l**4/12 - 5*l**3 - 148*l**2 + l - 2. Give s(-3).
-36
Let i(x) be the first derivative of x**3/6 - 3*x**2/2 + 81*x - 168. Let b(m) be the first derivative of i(m). What is b(17)?
14
Let z(g) = 5*g**3 - 4*g**2 + 3*g. Suppose 26*t - 17*t - 45 = 0. Suppose -2 = -3*s - 2*h + 14, 25 = t*h. What is z(s)?
30
Suppose -25*x = -23*x + 8. Suppose -15 = 2*l - 7*l. Let s(c) = -l*c**2 - 6*c + 3*c**2 - 4 - 2*c**2 + c**2. Give s(x).
4
Let f(l) = 29*l - 5. Let d(o) = -3*o + 1. Let w(c) = 6*d(c) + f(c). Determine w(-10).
-109
Let q(j) = -j - 13. Let v(t) = -t**2 - 18*t - 81. Let g be v(-6). Let l be ((-23)/(-3) + -7)*g.